 -4*w**2 + 4*w - 6. Let p(y) = y**2 + 1. Let a(d) = -l(d) - 5*p(d). What is a(-3)?
4
Let q be -9 - (7 + -5 + (-2 - -5)). Let f(k) = k**3 + 14*k**2 + k + 16. Determine f(q).
2
Let q(f) be the third derivative of -f**5/12 + f**4/24 - f**3/6 + f**2 - 103. Determine q(1).
-5
Let l(x) = 3*x + 47 - x**2 + 40 - 82. Let o(d) = -d. Let z be o(-4). What is l(z)?
1
Let o(m) = -m - 7. Suppose -3*s + 1 = 19. Determine o(s).
-1
Let x(r) = -3*r**3 + 7*r**2 + 7*r - 4. Let q(u) = u**3 - u**2 + 4. Let b(g) = -2*q(g) - x(g). Let s be 6 - (-2 - -1) - 1. Determine b(s).
-10
Let s(p) be the first derivative of p**3/3 + 5*p**2/2 - 3*p + 438. Give s(-5).
-3
Suppose 4*u - 7*u = -12. Let r(a) = -3*a + u*a - a + a + 6. Calculate r(-6).
0
Let c(l) = 3*l**3 - 5*l**3 - 2 + 0*l + l**3 - 3*l + 8*l**2. Let a(f) = -f**2 + f - 1. Let u(m) = -2*a(m) - c(m). What is u(6)?
10
Let b(y) be the third derivative of 0 + 0*y + 1/4*y**4 + 5*y**2 + 1/60*y**5 + 7/6*y**3. Suppose -6*v = 26 + 10. What is b(v)?
7
Suppose 699*s - 7 = 692*s. Let v(g) = -4*g**2 - g + 1. Determine v(s).
-4
Suppose 0 = o - 5, c - 20 = -0*c - 2*o. Suppose -c = x - 3*x. Let i(a) = 79*a**2 + 78*a**2 - 156*a**2 - 3*a - 3. Give i(x).
7
Let k(q) be the first derivative of 2*q**3/3 - 3*q**2/2 + 2*q + 1. Let t = -529 + 532. What is k(t)?
11
Let r(q) = 4*q - 3. Let s be (-8)/2*32/8. Let f = 20 + s. Let z be f/(-3 + (-10)/(-2)). Give r(z).
5
Let l be 3/(-9) - 39/(-9). Suppose -f = -l, -2*f + 32 = -3*h + 2*h. Let b = -30 - h. Let z(i) = -i**2 - 6*i - 6. Calculate z(b).
-6
Let q(j) = -j**3 + 9*j**2 + j - 5. Let t = -30 + 44. Suppose -25 = 5*l, 19 + t = 2*m - 3*l. What is q(m)?
4
Suppose -2*l - 4 = 4*z + 18, 5*z - l + 10 = 0. Let u be (-3)/(z/(-1))*5. Let t(a) = a - 4 + 3*a**2 + 4*a - 2*a**2. Determine t(u).
-4
Let z(l) be the first derivative of -9*l**4/4 + l**3/3 + l**2/2 + l - 121. What is z(-1)?
10
Let t(d) = -10 - 3*d - 37*d - 3*d + 38*d. What is t(-2)?
0
Let h(j) = -j - 5. Suppose 0 = 2*v + 5*t + 13, v - 4*t = -32 + 6. Let g(b) = 4*b + 16. Let c(d) = v*h(d) - 4*g(d). Calculate c(5).
-4
Let m(q) = -7*q**2 + 73*q + 43. Let l be m(11). Let k(z) = -7*z**2 - z - 1. Determine k(l).
-7
Let j(r) be the second derivative of -2*r**3/3 + 2*r**2 - 421*r. Let t(g) = 2*g**2 - g. Let y be t(-1). Determine j(y).
-8
Let n(a) = -a**3 + 4*a**2 - 2*a + 4*a**3 - 1 - 4*a**3. Suppose 89 + 4 = 3*h. Let o = 34 - h. Determine n(o).
2
Let p(m) be the second derivative of m**5/20 + m**4 - 5*m**3/2 - 19*m**2/2 - 2*m + 57. Determine p(-13).
7
Let y be 1/(12/(-88)*8/(-12)). Suppose -2*x - p = -5*x - y, 0 = -4*x - p - 24. Let t(i) = -2*i - 2. What is t(x)?
8
Suppose 3*q - n = q - 1, -3*q - 5 = 2*n. Let h(v) = -12*v**2 - v. What is h(q)?
-11
Let u(i) = 5*i**3 - 13*i**2 + 9*i + 8. Let x(m) = -9*m**3 + 25*m**2 - 18*m - 15. Let k(t) = -11*u(t) - 6*x(t). Give k(-8).
-6
Suppose 2*f = 4*f - 30. Let j(u) = -f*u**2 - 163*u - 5 + 162*u + 4. Determine j(-1).
-15
Let d(p) = -2*p**3 + p**2 - 8*p. Let f be d(0). Let l(n) = -n**3 - n**2 - n - 1. Calculate l(f).
-1
Let l be 468/(-65) + 2/(0 + 10). Let f(j) be the third derivative of -j**3 + 0*j + 0 - 1/24*j**4 + 2*j**2. Give f(l).
1
Let t(c) = 5*c + 38. Suppose 2*g + 5 - 23 = 2*w, 5*w - 4*g = -44. Let h(r) = 2*r + 13. Let k(o) = w*h(o) + 3*t(o). What is k(0)?
10
Suppose 9*l = 232 + 110. Suppose 11*i = l + 39. Let o(a) = a**2 - 7*a + 2. What is o(i)?
2
Let t(r) = -r**2 + 12*r - 9. Suppose -2*f + 25 = 5*h - 26, 23 = 3*h + 5*f. Determine t(h).
2
Let b = 172 - 170. Let l(w) = -w + 4. Give l(b).
2
Suppose -y - 3 = 0, -6*i - 3*y = -2*i + 1. Suppose i*o = -9 - 1. Let x(s) be the third derivative of s**4/24 - s**3/2 + 9*s**2. What is x(o)?
-8
Suppose -6*x + x - i + 27 = 0, -3*i = -3*x + 9. Suppose 2*r - 20 = 3*y, 5*y + x*r - r = -4. Let w(s) = s**3 + 3*s**2 - 2*s + 2. Give w(y).
-6
Suppose 16*g - 18 = -210. Let l(n) = -2*n - 49 + 0*n**3 + 33 + n**3 + 12*n**2. Determine l(g).
8
Let j(i) be the third derivative of -i**5/60 + i**4/12 + 2*i**3/3 - 8*i**2. Let m(a) = a + 1. Let u(d) = j(d) - 4*m(d). Give u(-3).
-3
Let k(z) be the first derivative of -2*z**2 - 2*z - 25. Let m(x) = 5*x + 2. Let s(n) = -6*k(n) - 5*m(n). Calculate s(2).
0
Let v(u) = -u**3 + 8*u**2 - u + 11. Let g be v(8). Suppose 0 = -l + g. Let n be 1/2*(l - 1). Let d(b) = b**2 - 3*b + 1. Calculate d(n).
-1
Let t(q) = 2*q**2 - 43*q - 11. Let x(b) = b**2 - 20*b - 5. Let k(i) = -3*t(i) + 7*x(i). Determine k(12).
10
Let m = 1691/10 + -169. Let p(u) be the third derivative of 1/6*u**3 + 0*u - 5*u**2 - 1/120*u**6 + 0 + 1/24*u**4 - m*u**5. Give p(-6).
-5
Let w(q) = -q**2 + 7*q + 2. Let l(p) = -6*p + 98. Let t be l(15). Calculate w(t).
-6
Let a(u) = u**3 + 3*u**2 - 6*u - 8. Suppose 3*p - 3*g + 6 = -g, -g = 2*p + 11. What is a(p)?
0
Let x(i) = -3 - 1 - 3*i - i**2 + 10 - i. Let d = 20 - 37. Let q = d - -11. Determine x(q).
-6
Suppose -3*c - 38 = -4*q, 0*c + 22 = 2*q - 3*c. Suppose -q = -2*i, 5*i + 0*i - 14 = 2*t. Let o(u) = 3*u. Calculate o(t).
9
Let q(t) = 2*t**2 + 3. Let a(h) = 3*h**2 - h + 7. Let m(w) = 3*a(w) - 5*q(w). Let x be (-6)/24 + (-7)/4. Let z = -4 + x. Give m(z).
-12
Let x be 3 + (7 - 2) - 15. Let l(i) = i**2 + 7*i - 6. Determine l(x).
-6
Let o(r) be the second derivative of r**4/12 + 4*r**3/3 + 7*r**2/2 - 100*r - 2. What is o(-7)?
0
Let w(l) = 3*l - 3 + 184*l**2 - 2*l + l**3 - 182*l**2 + l. Give w(2).
17
Let m(g) be the second derivative of -g**5/20 - g**4/4 + g**3/6 - g**2/2 - 975*g. Let j be (-2 - -1*5)*-1. Determine m(j).
-4
Let h(f) = f. Suppose 8*w = 7*w + 3. Let u be 6*((-1)/(-1) - w). Let g = -14 - u. Calculate h(g).
-2
Let v(m) = -23*m - 11. Suppose 3*q - 2 + 20 = -z, 3*q - 4*z = -18. Let c(x) = 6*x + 3. Let n(f) = q*v(f) - 22*c(f). Give n(-1).
-6
Let l be 34/9 - -1 - (-10)/45. Let t(a) = 5*a**3 + 5*a**2 - a - 14. Let u(g) = 2*g**3 + 3*g**2 - g - 7. Let r(p) = -3*t(p) + 7*u(p). Determine r(l).
-2
Let w(u) = 2 + 1 + 4 - 6 - 2*u. Let y = -6 + 13. Give w(y).
-13
Let z be (19/15 - (-278)/(-417))*1*10. Let g = 5 + -9. Let k(c) = -3*c - 8. Let f(p) = -8*p - 23. Let y(i) = g*f(i) + 11*k(i). What is y(z)?
-2
Let i be 20/(-15)*(-36)/(-16). Let d(t) = t**3 - 2*t**2 - 8*t - 1. Let u(o) = 3*o**3 - 5*o**2 - 23*o - 3. Let c(n) = -11*d(n) + 4*u(n). Give c(i).
2
Suppose -8*q - 404 = -6*q. Let n = q + 196. Let l(t) = -6 - t**3 + 0*t**3 - 3*t - 6*t**2 + 2. What is l(n)?
14
Let a(i) = -8*i**3 + 7*i**2 + 6*i + 4. Let s(l) = l**3 - 2*l**2 - l - 1. Let o(h) = -a(h) - 2*s(h). What is o(-1)?
-7
Let h be (2 - 0)*(-3)/1. Let i(n) = -6 - n + 2*n + 7 + 7 + 3. Calculate i(h).
5
Suppose 7*d = 5*d + 8. Suppose 5*i - b = 15, -2*i - 4*b - d = 12. Let m(w) = 3*w - 3. Give m(i).
3
Let b(h) = -h**2 - 4*h - 2. Let o(m) = -5*m**2 + 5*m + 2. Let d be o(3). Let c be (-1*d/8)/((-2)/4). Calculate b(c).
-23
Let m(s) be the first derivative of -s**2/2 - 4*s + 1. Suppose 11*v + 8 = 13*v. Suppose -3*f + 5 = -t, -t + f = v*f + 5. Give m(t).
1
Let r(b) be the first derivative of b**2/2 + 5*b + 1. Suppose 52*d + 50*d = 93*d - 45. Determine r(d).
0
Let u(d) = d**3 + d**2 - 13*d - 5. Suppose -7 = -2*n + 1, -2*j = -n. Let k(a) = 3*a + 1. Let h(o) = j*u(o) + 9*k(o). What is h(-2)?
-11
Let t(h) = h**3 - 6*h**2 + 2*h + 5. Let x(b) = 12*b**2 - 145*b + 18. Let m be x(12). Determine t(m).
17
Let r(g) = g**3 + g**2 - g + 1. Let s(a) = a**2 - 11*a + 11. Let z be s(10). Let j be r(z). Let b(f) = f**3 - f**2 - 2. Give b(j).
2
Let i(q) = 3*q**2 - 2*q - 1. Suppose 0 = t - 5*z + 20, t - 2*z = -10 + 5. Suppose -t*k - 1 - 9 = 0. Give i(k).
15
Suppose 0 = 4*m - 20, 0*o - 4*o = 4*m - 32. Let n(s) = s**3 - 1 - o*s**3 + 0*s**3 + 2*s**2. Suppose 16*w - 4859 = -4843. Calculate n(w).
-1
Let z be (-11 - -7) + (1 - -4). Let s = z - 2. Let r(v) = -10*v. Give r(s).
10
Let r(l) be the third derivative of 1/30*l**5 + 8*l**2 + 0 - 1/24*l**4 + 0*l**3 + 13/120*l**6 + 0*l. Let d be (-1 - (2 + -5)) + -1. Determine r(d).
14
Let y(r) be the first derivative of 3/2*r**2 + 4*r + 8. Calculate y(-3).
-5
Let b = 55 + -61. Let m(f) = -f**3 - 3*f**2 + 16*f - 2. Let x be m(b). Let g(q) = q**2 - 11*q + 13. Give g(x).
3
Let m(p) be the third derivative of p**4/12 - 7*p**3/6 - 20*p**2. Let w(u) = 2*u - 6. Let j(o) = 5*m(o) - 6*w(o). Determine j(-7).
15
Let u(y) = y**2 - 28*y + 27*y - 8 + 1. Let b = 8 - 3. Let g be (-2)/5 - (-2)/b. Determine u(g)